5. What is v(c)?
-3
Let b = -40 - 118. Let v = -152 - b. Let k(p) = p**2 - 8*p - 5. Give k(v).
-17
Let t(y) be the first derivative of y**2 + 15*y - 858. What is t(-17)?
-19
Let w be ((-1260)/(-147) - 8) + (-3)/(-7). Let r(m) = 6*m**3 + 2*m**2 - m. Calculate r(w).
7
Suppose 5*o - 3*u = 10, -16 - 9 = -2*o - 3*u. Suppose 21 = 4*b - 4*r + o*r, -3*b + 3*r = -12. Let k(d) = -d + 1. Give k(b).
-4
Let p = 69339 + -69342. Let h(m) = -2*m + 3. Let z(t) = t - 1. Let s(v) = -3*h(v) - 5*z(v). Calculate s(p).
-7
Let k(q) = -2*q - 23*q + q**3 - 13*q - 38 + 16*q**2. Let w be k(-18). Let j(o) = -2*o**2 + 2*o + 4. Calculate j(w).
-8
Let l = 26 - 20. Let p(o) = 3 - 43*o**2 + 100*o**2 + 9 - l*o - 58*o**2 + 0. Give p(-7).
5
Let q(u) = 53*u**2 - 361*u - 47. Let t be q(7). Let r(o) = o**2 - 19*o - 11. What is r(t)?
81
Let l be (-5 - -7)/((-12)/(-30)). Suppose -l*m = 4*n - 5, n + 4 = m + 3. Let q(y) = -2*y**2 + y + 23. Determine q(n).
23
Suppose -2*w = -5 - 5. Let g(a) be the third derivative of 1/12*a**5 + 0 + 10*a**2 - 1/24*a**4 - 1/120*a**6 + 0*a - a**3. What is g(w)?
-11
Let j(x) = -132*x**2 + 4*x + 59*x**2 + 75*x**2. Let d be j(2). Let u(f) = 2*f - 37. Determine u(d).
-5
Let g(u) = -8*u**2 - 9*u**2 + 8*u**2 + 9*u**2 - 7*u + 5*u**2. Calculate g(2).
6
Let a(z) be the first derivative of z**5/60 - z**4/6 + z**3/3 + 7*z**2 + 120. Let h(o) be the third derivative of a(o). Determine h(7).
10
Let c(o) = -o + 6. Suppose -6*q + 14 + 16 = 0. Let z be 2/((q - 0)*12/90). Give c(z).
3
Let q(s) = 11*s - 42. Let l(f) = 30*f**2 - 223*f - 133. Let j be l(8). Determine q(j).
-9
Suppose 5 = -x, 18 = -5*i - 5*x - 2. Let o be ((-224)/168)/((-14)/6 + i). Let t(d) = -26*d**2 - 1. What is t(o)?
-27
Let b(j) = -j**2. Let s(t) = -5*t**2 + 4. Suppose 5*f - 4*f + 2*r = -4, 0 = 3*r + 15. Let c(o) = f*b(o) - s(o). Let q = -433165 - -433161. What is c(q)?
-20
Let t(q) be the first derivative of -7/2*q**2 + 63 + 1/3*q**3 + 6*q. Let m be 6/6 - (-3 + 0). Calculate t(m).
-6
Let s(k) = 172*k - 2. Let i(r) = 2*r**2 - 273*r + 1316. Let h be i(5). Calculate s(h).
170
Let h(i) = 3*i**2 + 18*i - 2. Let x(y) = -y**2 - 5*y. Let n(j) = 3*h(j) + 8*x(j). What is n(-15)?
9
Let q(s) be the second derivative of s**5/20 + 35*s**4/12 + s**3/6 + 39*s**2/2 - 1231*s + 1. Calculate q(-35).
4
Let o(q) = -8*q + 0 + 7 + q**2 - 1. Suppose 119*n - 455 = -241*n + 1705. Calculate o(n).
-6
Let q = -273 + 552. Suppose -32*p = -55 + q. Let r(o) = o**3 + 7*o**2 - 2*o - 8. Calculate r(p).
6
Let j(o) = 82 - 85 + 9 + 7*o. Determine j(-4).
-22
Let v(u) = -u**3 - 20*u**2 - 34*u - 1. Let r be 516/(-54) + -8 + 3 + 93/(-27). Give v(r).
-37
Let r = 111879 + -111879. Let y be (-1)/(-3) + (-2)/(-3). Let k(v) = -v**2 - 5 - 12 + y. Determine k(r).
-16
Let d be (-2)/(-4) - 16822/52. Let b = d - -311. Let f(h) = -h**2 - 12*h - 11. Give f(b).
-11
Let q(x) be the second derivative of 14*x**4/3 - x**3/3 + x**2/2 + 74*x. Give q(1).
55
Let l(x) = x**3 + 21*x**2 + 22*x + 44. Let a be l(-20). Suppose 2*q + 13 = -a*v + v, -4*q = -2*v - 14. Let z(m) = 3*m + 10. What is z(v)?
-5
Let x(p) be the second derivative of -1/3*p**4 + 13/6*p**3 - 1/20*p**5 - 1 + p**2 - 16*p. Give x(-6).
-4
Let c(g) = 2*g - 4. Let i = 159 + -154. Suppose i*w + 9*k - 14*k - 45 = 0, -5*w + 17 = 2*k. Determine c(w).
6
Let y(p) = -32*p**2 - 4*p. Let g(i) = 11*i**2 + i. Let d(l) = 7*g(l) + 2*y(l). Let c be (((-63)/(-15) + -4)/((-12)/60))/1. Determine d(c).
14
Let h(a) = -2*a**2 + 6*a - 84. Let u(g) = -g**2 + 5*g. Let r(j) = h(j) - 3*u(j). Calculate r(13).
-32
Let w(g) = g**2 - 4*g + 5. Let v be w(4). Let h(p) = -46 + 47 - 28*p + 29*p. Determine h(v).
6
Let p(c) be the first derivative of c**7/840 - c**6/120 - c**5/30 + c**4/4 - 25*c**3/3 - 36. Let d(v) be the third derivative of p(v). What is d(4)?
6
Let p(q) = q**3 + 6*q**2 + 3*q + 1. Let x(l) = -14*l - 122. Let j be x(-9). Suppose 13*f - 12*f - 24 = 5*n, 21 = -j*n - f. Determine p(n).
11
Let k(p) = p + 7. Let b(g) be the first derivative of 5/2*g**2 - g - 5. Let f be b(-1). Give k(f).
1
Let b be (-5600)/350 + 2 + 11. Let l(h) = -3*h**3 - 7*h**2 - h + 2. Give l(b).
23
Let s(y) = -2*y - 2. Let a be s(1). Let n be (-35 - -29)*(-2)/a. Let t(v) = -12*v - 2. Determine t(n).
34
Let f(g) = g + 1. Let h(t) = t**3 - 16*t**2 + 13*t + 36. Let w be h(15). Let q be w - (2 + 35/(-5)). Determine f(q).
12
Suppose -1568*n + 48 = -1591*n + 209. Let l(r) = -r**3 + 6*r**2 + 10*r - 20. Determine l(n).
1
Suppose 0 = -14*c + 33 - 5. Let f(a) = a**2 - 675 + a - c*a + 674. Let m = 16 + -17. Give f(m).
1
Let d(w) = -1918*w + 3 + 18*w**2 + 4*w**3 + 1934*w - 5*w**3 + 60. Calculate d(19).
6
Let y(k) = k**2 + 6*k - 2. Let b = 134 + -130. Suppose -b*o + 71 = 91. Determine y(o).
-7
Let y(z) = 4*z - z + z + 20 - 43 + 24 + 4*z**2. Give y(-2).
9
Let y(r) = -2*r**2 - 21*r - 16. Suppose -35*s - 486 = 2*s + 17*s. Give y(s).
11
Let h(l) = 100*l + 663. Let b(r) = -25*r - 170. Let m(d) = 9*b(d) + 2*h(d). Give m(-8).
-4
Let g(d) be the second derivative of -d**3/6 - 2*d + 9. Let v(c) = 5*c - 3. Let j(u) = -4*g(u) - v(u). What is j(2)?
1
Let p(d) = -1 - 3*d + 2*d - 6*d. Suppose 3*h = 0, 0 = -5*w + 3*h - 23 + 38. Suppose w*b + k - 1 = 0, -4*b = -12*k + 14*k - 4. Give p(b).
6
Suppose 4*o - 564 = 5*c, -6*o + 2*o - 2*c + 592 = 0. Let v = -142 + o. Let t(f) = -f**2 + 4*f - 5. Determine t(v).
-5
Let i(h) = 4*h + 11. Let r be i(0). Let x = 9 - r. Let t be -1 - (x/5)/((-2)/10). Let s(y) = 6*y - 1. Determine s(t).
-19
Let v be (-2)/22 - ((-3384)/198 - 0). Let c(g) = g**3 - 18*g**2 + 19*g - 12. Calculate c(v).
22
Let h be (39/(-3) + 4)*-246. Suppose -h + 2235 = -7*o. Let g(n) = -n**3 - 3*n**2 - 5*n - 2. What is g(o)?
13
Let d(y) be the first derivative of y**2/2 - y - 5. Let z = -55 - -70. Suppose z = -8*r + 39. Calculate d(r).
2
Let w(l) = -5 + 3 + 39*l + 0 + 0 + 5. Calculate w(2).
81
Let h be (5 - 2)/(36/24). Let f(m) = 129*m**2 + 8 - 69*m**h + m**3 + 10*m - 71*m**2. What is f(10)?
8
Suppose -o - 272 + 269 = 0. Let w(y) = -2 + y**2 + 2*y + 7 - 12. Calculate w(o).
-4
Let h = -190 + 189. Let k be (-2)/3*6/(-2). Let j(m) = -m**k - 4*m - 4*m + 6*m. What is j(h)?
1
Let b(z) = -z**3 + 2*z**2 + 9*z - 6. Let l be ((-231)/35 + 6)/((-19)/(-95)). Determine b(l).
12
Let k = 1684 - 1680. Let n(w) = -19*w + 77. Determine n(k).
1
Let w(f) = 0 + f - 3 - 5*f - 2. Determine w(2).
-13
Suppose -11*w = -25 - 206. Let n(f) = 50*f - 28*f - w*f. Let v(g) = -g**2 - 2*g + 5. Let x be v(-3). Give n(x).
2
Let x(d) = -113*d**2 + 17*d - 5. Let k(f) = -264*f**2 + 40*f - 12. Let o(j) = 8*k(j) - 19*x(j). What is o(2)?
133
Let k(m) = 2 - m**3 + 20*m**2 + 2*m**3 + 3*m - 96*m**2 + 70*m**2. Calculate k(4).
-18
Let y(c) = -3*c - 50. Let t(v) = -8*v - 3. Let o(f) = 2*t(f) - y(f). What is o(4)?
-8
Let w = 9539 - 9534. Let v(f) = -54*f + 274. Give v(w).
4
Let f be (8 + -16 + 10)/(8/36*-3). Let v(x) be the second derivative of 0 - 1/12*x**4 + 2*x**2 - x + 1/6*x**3. Calculate v(f).
-8
Suppose n - 20 - 24 = -3*f, -5*n - 35 = -2*f. Let h(s) = -7*s - 9*s - 2*s**2 - 20 + 2*s + 3*s**2. Give h(f).
-5
Let p(l) = l - 16. Suppose -4*g - 3*i - 215 = -221, -4*g - 5*i + 18 = 0. What is p(g)?
-19
Let s(v) = 2. Let d(y) = -7*y - 12. Let q(u) = -d(u) - 2*s(u). What is q(7)?
57
Suppose -1127 + 63 = 7*g. Let t = -159 - g. Let x(j) = j**2 + 8*j - 4. Calculate x(t).
-11
Let h(u) be the third derivative of 37/24*u**4 + 0 + 1/30*u**5 + 0*u**3 + 1/720*u**6 + 0*u + 34*u**2. Let q(x) be the second derivative of h(x). Determine q(5).
9
Let z(n) = 187*n - 190*n - 1275 + 1277 - 4*n**3. Give z(3).
-115
Let f(m) = 4*m**2 - 8*m - 5*m**2 - 3 + 2*m + 6. Let h(b) = -2*b**3 - 68*b**2 - 75*b - 2555. Let w be h(-34). What is f(w)?
8
Let z(c) = -9*c**2 - 2*c + 4. Let a = -190 + 197. Let f(i) = 5*i**2 + i - 2. Let p(u) = a*f(u) + 4*z(u). Let g = -7 - -11. Give p(g).
-18
Let o(j) be the first derivative of j**3/3 + 21*j**2/2 + 23*j - 2910. What is o(-23)?
69
Let f(b) = -297 + 290 + 222*b - 223*b. Suppose -23 - 1 = 3*a - o, -a = 2*o + 15. Calculate f(a).
2
Let n(j) = -5*j + 61. Suppose 102*r - 21*r - 1296 = 0. Give n(r).
-19
Let p(i) = -i + 1. Suppose 7*k + 28 = 14*k. Let o be 1/k - 155/(-20). Suppose -3*d - d + o = 0. Determine p(d).
-1
Let o(t) = 37*t**2 + 2*t + 3. Suppose 0 = 170*n + 60*n + 460. Determine o(n).
147
Let j(t) be the third derivative of t*